{"id":563,"date":"2015-09-08T13:49:26","date_gmt":"2015-09-08T13:49:26","guid":{"rendered":"http:\/\/www.titania.si\/?page_id=563"},"modified":"2024-01-23T15:44:54","modified_gmt":"2024-01-23T15:44:54","slug":"lahki-in-polnomastni-easy","status":"publish","type":"page","link":"https:\/\/www.titania.si\/?page_id=563","title":{"rendered":"Razli\u010dice Easy-ja"},"content":{"rendered":"<p>Easy lahko uporablja\u0161 na dva na\u010dina &#8211; mini in polni Easy.<\/p>\n<table width=\"280\">\n<tbody>\n<tr>\n<td width=\"213\"><strong>Funkcionalnost<\/strong><\/td>\n<td style=\"text-align: center;\" width=\"37\"><img loading=\"lazy\" decoding=\"async\" class=\"aligncenter size-medium wp-image-595\" src=\"http:\/\/www.titania.si\/wordpress\/wp-content\/uploads\/Turtle-300x286.png\" alt=\"Turtle\" width=\"300\" height=\"286\" srcset=\"https:\/\/www.titania.si\/wordpress\/wp-content\/uploads\/Turtle-300x286.png 300w, https:\/\/www.titania.si\/wordpress\/wp-content\/uploads\/Turtle-150x143.png 150w, https:\/\/www.titania.si\/wordpress\/wp-content\/uploads\/Turtle-100x95.png 100w, https:\/\/www.titania.si\/wordpress\/wp-content\/uploads\/Turtle-200x191.png 200w, https:\/\/www.titania.si\/wordpress\/wp-content\/uploads\/Turtle.png 330w\" sizes=\"auto, (max-width: 300px) 100vw, 300px\" \/><b><strong>Easy Mini<\/strong><\/b><\/td>\n<td style=\"text-align: center;\" width=\"30\"><img loading=\"lazy\" decoding=\"async\" class=\"aligncenter size-medium wp-image-594\" src=\"http:\/\/www.titania.si\/wordpress\/wp-content\/uploads\/Rabbit-233x300.png\" alt=\"Rabbit\" width=\"233\" height=\"300\" srcset=\"https:\/\/www.titania.si\/wordpress\/wp-content\/uploads\/Rabbit-233x300.png 233w, https:\/\/www.titania.si\/wordpress\/wp-content\/uploads\/Rabbit-117x150.png 117w, https:\/\/www.titania.si\/wordpress\/wp-content\/uploads\/Rabbit-100x129.png 100w, https:\/\/www.titania.si\/wordpress\/wp-content\/uploads\/Rabbit-150x193.png 150w, https:\/\/www.titania.si\/wordpress\/wp-content\/uploads\/Rabbit-200x258.png 200w, https:\/\/www.titania.si\/wordpress\/wp-content\/uploads\/Rabbit.png 240w\" sizes=\"auto, (max-width: 233px) 100vw, 233px\" \/><b>Easy<\/b><\/td>\n<\/tr>\n<tr>\n<td><\/td>\n<td><\/td>\n<td><\/td>\n<\/tr>\n<tr>\n<td><strong><strong>Splo\u0161no<\/strong><\/strong><\/td>\n<td><\/td>\n<td><\/td>\n<\/tr>\n<tr>\n<td>Podpora za sinhronizacijo s spletno trgovino<\/td>\n<td><\/td>\n<td style=\"text-align: center;\">D<\/td>\n<\/tr>\n<tr>\n<td>Izvoz podatkov za ra\u010dunovodstva\u00a0(Opal, Pantheon, SAOP)<\/td>\n<td><\/td>\n<td style=\"text-align: center;\">D<\/td>\n<\/tr>\n<tr>\n<td>Izdelava prenosnega Easy-ja<\/td>\n<td><\/td>\n<td style=\"text-align: center;\">D<\/td>\n<\/tr>\n<tr>\n<td>\u0160t. postaj v eni licenci<\/td>\n<td style=\"text-align: center;\">1<\/td>\n<td style=\"text-align: center;\">3<\/td>\n<\/tr>\n<tr>\n<td><\/td>\n<td><\/td>\n<td><\/td>\n<\/tr>\n<tr>\n<td><strong>Partnerji<\/strong><\/td>\n<td><\/td>\n<td><\/td>\n<\/tr>\n<tr>\n<td>Vodenje podatkov o partnerjih<\/td>\n<td style=\"text-align: center;\">D<\/td>\n<td style=\"text-align: center;\">D<\/td>\n<\/tr>\n<tr>\n<td><\/td>\n<td><\/td>\n<td><\/td>\n<\/tr>\n<tr>\n<td><strong>Produkti<\/strong><\/td>\n<td><\/td>\n<td><\/td>\n<\/tr>\n<tr>\n<td>Vodenje kataloga produktov (opis artiklov)<\/td>\n<td style=\"text-align: center;\">D<\/td>\n<td style=\"text-align: center;\">D<\/td>\n<\/tr>\n<tr>\n<td>Vodenje zalog<\/td>\n<td><\/td>\n<td style=\"text-align: center;\">D<\/td>\n<\/tr>\n<tr>\n<td>Sestavljeni artikli<\/td>\n<td><\/td>\n<td style=\"text-align: center;\">D<\/td>\n<\/tr>\n<tr>\n<td>Paketna sprememba cen (npr. dvig DDV,&#8230; itd.)<\/td>\n<td><\/td>\n<td style=\"text-align: center;\">D<\/td>\n<\/tr>\n<tr>\n<td><\/td>\n<td><\/td>\n<td><\/td>\n<\/tr>\n<tr>\n<td><strong>Dokumenti<\/strong><\/td>\n<td><\/td>\n<td><\/td>\n<\/tr>\n<tr>\n<td>Knji\u017eenje dokumentov<\/td>\n<td style=\"text-align: center;\">D<\/td>\n<td style=\"text-align: center;\">D<\/td>\n<\/tr>\n<tr>\n<td>Podpora za eRa\u010dune<\/td>\n<td style=\"text-align: center;\">D<\/td>\n<td style=\"text-align: center;\">D<\/td>\n<\/tr>\n<tr>\n<td>Podpora za dav\u010dne blagajne<\/td>\n<td style=\"text-align: center;\">D<\/td>\n<td style=\"text-align: center;\">D<\/td>\n<\/tr>\n<tr>\n<td>Izdelava obro\u010dnih ra\u010dunov<\/td>\n<td><\/td>\n<td style=\"text-align: center;\">D<\/td>\n<\/tr>\n<tr>\n<td>Izdelava dok. iz predlog<\/td>\n<td><\/td>\n<td style=\"text-align: center;\">D<\/td>\n<\/tr>\n<tr>\n<td>Razmno\u017eevanje (kopiranje) dokumentov<\/td>\n<td><\/td>\n<td style=\"text-align: center;\">D<\/td>\n<\/tr>\n<tr>\n<td>Izdelava zbirnih dokumentov iz delovnih nalogov.<\/td>\n<td><\/td>\n<td style=\"text-align: center;\">D<\/td>\n<\/tr>\n<tr>\n<td>Sinhronizacija z zunanjimi napravami (Euro 50 TE)<\/td>\n<td><\/td>\n<td style=\"text-align: center;\">D<\/td>\n<\/tr>\n<tr>\n<td>Paketni tisk dokumentov<\/td>\n<td><\/td>\n<td style=\"text-align: center;\">D<\/td>\n<\/tr>\n<tr>\n<td><\/td>\n<td><\/td>\n<td><\/td>\n<\/tr>\n<tr>\n<td>Knji\u017eenje pla\u010dil za izdane dokumente<\/td>\n<td style=\"text-align: center;\">D<\/td>\n<td style=\"text-align: center;\">D<\/td>\n<\/tr>\n<tr>\n<td>Cena<\/td>\n<td style=\"text-align: center;\">20 EUR<\/td>\n<td style=\"text-align: center;\">30 EUR<\/td>\n<\/tr>\n<\/tbody>\n<\/table>\n<p>Kaj ni v ceni?<\/p>\n<p>V mese\u010dno ceno ni v\u0161teto slede\u010de:<\/p>\n<ul>\n<li>Obisk pri stranki na \u017eeljo stranke.<\/li>\n<li><a href=\"http:\/\/www.titania.si\/?page_id=751\">Izdelava novih izpisov<\/a> na \u017eeljo stranke.<\/li>\n<li>Dodelave programa na \u017eeljo stranke (samo nove funkcionalnosti).<\/li>\n<\/ul>\n<p>Ostale storitve:<\/p>\n<ul>\n<li>Mirovanje: 10 EUR\/mesec<\/li>\n<li>Arhivska baza: 10 EUR\/mesec<\/li>\n<\/ul>\n","protected":false},"excerpt":{"rendered":"<p>Easy lahko uporablja\u0161 na dva na\u010dina &#8211; mini in polni Easy. Funkcionalnost Easy Mini Easy Splo\u0161no Podpora za sinhronizacijo s spletno trgovino D Izvoz podatkov za ra\u010dunovodstva\u00a0(Opal, Pantheon, SAOP) D Izdelava prenosnega Easy-ja D \u0160t. postaj v eni licenci 1 &hellip;<\/p>\n<p class=\"read-more\"> <a class=\"more-link\" href=\"https:\/\/www.titania.si\/?page_id=563\"> <span class=\"screen-reader-text\">Razli\u010dice Easy-ja<\/span> Preberi ve\u010d &raquo;<\/a><\/p>\n","protected":false},"author":1,"featured_media":0,"parent":8,"menu_order":0,"comment_status":"closed","ping_status":"closed","template":"","meta":{"footnotes":""},"class_list":["post-563","page","type-page","status-publish","hentry"],"_links":{"self":[{"href":"https:\/\/www.titania.si\/index.php?rest_route=\/wp\/v2\/pages\/563","targetHints":{"allow":["GET"]}}],"collection":[{"href":"https:\/\/www.titania.si\/index.php?rest_route=\/wp\/v2\/pages"}],"about":[{"href":"https:\/\/www.titania.si\/index.php?rest_route=\/wp\/v2\/types\/page"}],"author":[{"embeddable":true,"href":"https:\/\/www.titania.si\/index.php?rest_route=\/wp\/v2\/users\/1"}],"replies":[{"embeddable":true,"href":"https:\/\/www.titania.si\/index.php?rest_route=%2Fwp%2Fv2%2Fcomments&post=563"}],"version-history":[{"count":34,"href":"https:\/\/www.titania.si\/index.php?rest_route=\/wp\/v2\/pages\/563\/revisions"}],"predecessor-version":[{"id":855,"href":"https:\/\/www.titania.si\/index.php?rest_route=\/wp\/v2\/pages\/563\/revisions\/855"}],"up":[{"embeddable":true,"href":"https:\/\/www.titania.si\/index.php?rest_route=\/wp\/v2\/pages\/8"}],"wp:attachment":[{"href":"https:\/\/www.titania.si\/index.php?rest_route=%2Fwp%2Fv2%2Fmedia&parent=563"}],"curies":[{"name":"wp","href":"https:\/\/api.w.org\/{rel}","templated":true}]}}