{"id":17,"date":"2013-08-05T05:57:27","date_gmt":"2013-08-05T05:57:27","guid":{"rendered":"http:\/\/titaniasp.xcloud.si\/wordpress\/?page_id=17"},"modified":"2016-01-20T06:23:54","modified_gmt":"2016-01-20T06:23:54","slug":"showman","status":"publish","type":"page","link":"http:\/\/www.titania.si\/?page_id=17","title":{"rendered":"ShowMan"},"content":{"rendered":"<h2><img loading=\"lazy\" decoding=\"async\" class=\"aligncenter size-full wp-image-248\" src=\"http:\/\/www.titania.si\/wordpress\/wp-content\/uploads\/cinema-seats.jpg\" alt=\"cinema-seats\" width=\"1000\" height=\"288\" srcset=\"http:\/\/www.titania.si\/wordpress\/wp-content\/uploads\/cinema-seats.jpg 1000w, http:\/\/www.titania.si\/wordpress\/wp-content\/uploads\/cinema-seats-150x43.jpg 150w, http:\/\/www.titania.si\/wordpress\/wp-content\/uploads\/cinema-seats-300x86.jpg 300w\" sizes=\"auto, (max-width: 1000px) 100vw, 1000px\" \/><\/h2>\n<h2>Kaj je ShowMan?<\/h2>\n<p>ShowMan je program, namenjen vsem, ki potrebujejo programsko re\u0161itev za prodajo vstopnic. ShowMan ponuja slede\u010de:<\/p>\n<ul>\n<li>Urejanje prizori\u0161\u010d in predstav.<\/li>\n<li>Prodajo vstopnic s pregledom nad sede\u017enim redom.<\/li>\n<li>Vodenje abonmajev, tudi vezanih na sede\u017eni red.<\/li>\n<li>Izdajo ra\u010dunov za pravne subjekte.<\/li>\n<li>Izpise obiskanosti predstav.<\/li>\n<li>&#8230; in \u0161e veliko ve\u010d!<\/li>\n<\/ul>\n<p>Preizkusite ShowMan!\u00a0<a title=\"Mnenja strank\" href=\"http:\/\/www.titania.si\/?page_id=396\">Kaj menijo stranke o ShowMan-u<\/a>?<\/p>\n<p>&nbsp;<\/p>\n<div>\n<hr \/>\n<\/div>\n<p>&nbsp;<\/p>\n<h2>V \u010dem je ShowMan izjemen?<\/h2>\n<p>Poleg enostavnosti, se ShowMan odlikuje \u0161e na drugih podro\u010djih:<\/p>\n<ul>\n<li>Ni vam potrebno postaviti stre\u017enika v podjetju. Vsi uporabniki programa ShowMan se povezujejo preko zmogljivega stre\u017enika v primernem stre\u017eni\u0161kem prostoru, priklopljenega na odli\u010dni internetni povezavi (optika).<\/li>\n<li>So\u010dasna prodaja vstopnic na ve\u010d delovnih postajah.<\/li>\n<li>Odpadejo vam vse skrbi, da bi izgubili podatke. Za njihovo dnevno arhiviranje in za\u0161\u010dito skrbimo mi!<\/li>\n<li>Delo vam je omogo\u010deno preko varne povezave (SSL za\u0161\u010dita) \u2013 varstvo in za\u0161\u010dita podatkov je na\u0161a skrb.<\/li>\n<li>In nenazadnje : ShowMan vam ponujamo po\u00a0<strong>zelo ugodni ceni\u00a0<\/strong>(lahko najamete za mese\u010dni pav\u0161al ali pa za posamezno predstavo) !<\/li>\n<\/ul>\n<p><img decoding=\"async\" class=\"ngg_displayed_gallery mceItem\" src=\"http:\/\/www.titania.si\/index.php\/nextgen-attach_to_post\/preview\/id--182\" alt=\"\" \/><\/p>\n<h2>Koliko stane ShowMan?<\/h2>\n<p>Program stane manj, kot si mislite: na mesec zagotovo porabite ve\u010d za kavo ali druge drobne razvade. Res je, ShowMan stane le<strong>\u00a030 EUR na mesec,<\/strong>\u00a0brez dodatnih ali skritih stro\u0161kov (stro\u0161ki podpore, nadgradenj ali drugih dodatnih pla\u010dil). \u010ce pa potrebujete ShowMan samo za enkraten dogodek, pokli\u010dite in dogovorili se bomo za ugodno re\u0161itev!<\/p>\n<h2>Kaj potrebujete \u010de \u017eelite uporabljati ShowMan?<\/h2>\n<ul>\n<li>Stalno internetno povezavo (npr. ADSL),<\/li>\n<li>Ra\u010dunalnik, na katerem te\u010de operacijski sistem Windows 7, 8 ali 10 (Windows XP zaradi dav\u010dnih blagajn ni ve\u010d podprt).<\/li>\n<\/ul>\n<p><strong style=\"line-height: 1.5em;\">ShowMan lahko tudi preizkusite:<\/strong><\/p>\n<p><a href=\"http:\/\/www.titania.si\/products\/showman\/Downloads\/ShowManSetup.exe\"><strong>Prenesi ShowMan!<\/strong><\/a><\/p>\n<div>Program se po\u017eene v demo na\u010dinu.\u00a0Uporabni\u0161ko ime je lahko:<\/div>\n<div>\n<ul>\n<li>Prodaja vstopnic: &#8220;prodaja&#8221;, gesla ni.<\/li>\n<li>Splo\u0161ni uporabnik: &#8220;demo&#8221;, gesla ni.<\/li>\n<li>Administrator sistema: &#8220;admin&#8221;, gesla ni.<\/li>\n<\/ul>\n<\/div>\n<p>\u010ce \u017eeli\u0161, si lahko prebere\u0161 <a href=\"http:\/\/www.titania.si\/products\/showman\/Support\/Help\/\" target=\"_blank\">on-line navodila<\/a>\u00a0ali pa <a href=\"http:\/\/www.titania.si\/products\/showman\/Downloads\/Resources\/Licence.htm\" target=\"_blank\">splo\u0161ne pogoje poslovanja<\/a>.<\/p>\n","protected":false},"excerpt":{"rendered":"<p>Kaj je ShowMan? ShowMan je program, namenjen vsem, ki potrebujejo programsko re\u0161itev za prodajo vstopnic. ShowMan ponuja slede\u010de: Urejanje prizori\u0161\u010d in predstav. Prodajo vstopnic s pregledom nad sede\u017enim redom. Vodenje abonmajev, tudi vezanih na sede\u017eni red. Izdajo ra\u010dunov za pravne &hellip;<\/p>\n<p class=\"read-more\"> <a class=\"more-link\" href=\"http:\/\/www.titania.si\/?page_id=17\"> <span class=\"screen-reader-text\">ShowMan<\/span> Preberi ve\u010d &raquo;<\/a><\/p>\n","protected":false},"author":1,"featured_media":0,"parent":0,"menu_order":0,"comment_status":"closed","ping_status":"open","template":"","meta":{"footnotes":""},"class_list":["post-17","page","type-page","status-publish","hentry"],"_links":{"self":[{"href":"http:\/\/www.titania.si\/index.php?rest_route=\/wp\/v2\/pages\/17","targetHints":{"allow":["GET"]}}],"collection":[{"href":"http:\/\/www.titania.si\/index.php?rest_route=\/wp\/v2\/pages"}],"about":[{"href":"http:\/\/www.titania.si\/index.php?rest_route=\/wp\/v2\/types\/page"}],"author":[{"embeddable":true,"href":"http:\/\/www.titania.si\/index.php?rest_route=\/wp\/v2\/users\/1"}],"replies":[{"embeddable":true,"href":"http:\/\/www.titania.si\/index.php?rest_route=%2Fwp%2Fv2%2Fcomments&post=17"}],"version-history":[{"count":22,"href":"http:\/\/www.titania.si\/index.php?rest_route=\/wp\/v2\/pages\/17\/revisions"}],"predecessor-version":[{"id":658,"href":"http:\/\/www.titania.si\/index.php?rest_route=\/wp\/v2\/pages\/17\/revisions\/658"}],"wp:attachment":[{"href":"http:\/\/www.titania.si\/index.php?rest_route=%2Fwp%2Fv2%2Fmedia&parent=17"}],"curies":[{"name":"wp","href":"https:\/\/api.w.org\/{rel}","templated":true}]}}