{"id":15,"date":"2013-08-05T05:56:20","date_gmt":"2013-08-05T05:56:20","guid":{"rendered":"http:\/\/titaniasp.xcloud.si\/wordpress\/?page_id=15"},"modified":"2017-01-24T10:52:57","modified_gmt":"2017-01-24T10:52:57","slug":"easypos","status":"publish","type":"page","link":"http:\/\/www.titania.si\/?page_id=15","title":{"rendered":"EasyPOS"},"content":{"rendered":"<h1><img loading=\"lazy\" decoding=\"async\" class=\"aligncenter size-full wp-image-242\" src=\"http:\/\/www.titania.si\/wordpress\/wp-content\/uploads\/apples.jpg\" alt=\"apples\" width=\"1000\" height=\"288\" srcset=\"http:\/\/www.titania.si\/wordpress\/wp-content\/uploads\/apples.jpg 1000w, http:\/\/www.titania.si\/wordpress\/wp-content\/uploads\/apples-150x43.jpg 150w, http:\/\/www.titania.si\/wordpress\/wp-content\/uploads\/apples-300x86.jpg 300w\" sizes=\"auto, (max-width: 1000px) 100vw, 1000px\" \/><\/h1>\n<h2>Easy za trgovino!<\/h2>\n<p style=\"text-align: justify;\">Easy lahko uporabljate tudi v trgovinah, kjer so doslej kraljevale klasi\u010dne blagajne! EasyPOS je podalj\u0161ek Easy-ja, ki omogo\u010da delo preko zaslonov, ob\u010dutljivih na dotik. Tako se lahko v trgovini postori slede\u010de:<\/p>\n<ul>\n<li>Prodaja preko zajema EAN kod.<\/li>\n<li>Prilagojen za zaslone, ob\u010dutljive na dotik. Velika prilagodljivost za temne ali svetle prostore.<\/li>\n<li>Prodaja obi\u010dajnim kupcem in dav\u010dnim zavezancem.<\/li>\n<li>Popusti na ra\u010dunu &#8211; kot znesek ali v odstotkih.<\/li>\n<li>Izdelava zaklju\u010dka blagajne (tudi za posamezno izmeno v trgovini).<\/li>\n<li>Pregled prodaje v \u017eivo v Easy-ju.<\/li>\n<li>Podpora za <strong>dav\u010dne balagjne<\/strong>.<\/li>\n<\/ul>\n<p>&#8230; in \u0161e veliko ve\u010d!<\/p>\n<p>&nbsp;<\/p>\n<p>V \u010dem se EasyPOS razlikuje od podobnih programov za blagajne?<\/p>\n<p>Poleg enostavnosti, se EasyPOS odlikuje \u0161e na nekaj podro\u010djih:<\/p>\n<ul>\n<li>Vsi izdani ra\u010duni so vidni takoj v Easy-ju, vse prevzemnice so vidne takoj v EasyPOS.<\/li>\n<li>Vrhunski uporabni\u0161ki vmesnik z hitrim privajanjem za nove zaposlene, ki je odli\u010den tudi za zaslone, ob\u010dutljive na dotik.<\/li>\n<li>Centralizirani podatki &#8211; ni\u010d za\u0161\u010dite, ni\u010d priprave, ni\u010d prenosov podatkov.<\/li>\n<li>Ugodna cena &#8211; najcenej\u0161i POS program na tr\u017ei\u0161\u010du.<\/li>\n<\/ul>\n<h2>Koliko stane EasyPOS?<\/h2>\n<p style=\"text-align: justify;\">EasyPOS je dodatek za Easy, stane pa 5 EUR na POS blagajno.<\/p>\n<h2>Kaj potrebujete za uporabljati EasyPOS?<\/h2>\n<ul>\n<li>Stalno internetno povezavo (npr. ADSL),<\/li>\n<li>Ra\u010dunalnik, na katerem te\u010de operacijski sistem Windows Vista, 7, 8 ali 10 (Windows XP ni zaradi\u00a0dav\u010dnih blagajn).<\/li>\n<li>Obi\u010dajen ali POS tiskalnik.<\/li>\n<\/ul>\n<p>Program EasyPOS lahko tudi brezpla\u010dno preizkusite:<\/p>\n<p><a href=\"\/products\/easy\/downloads\/EasyPOSSetup.exe\">Prenesi EasyPOS!<\/a><br \/>\nPred namestitvijo priporo\u010damo, da si ogledate tudi <a title=\"Easy\" href=\"http:\/\/www.titania.si\/?page_id=8\">Easy<\/a>. Program se po\u017eene v demo na\u010dinu. <strong>Uporabni\u0161ko geslo je &#8220;123&#8221;<\/strong>.<\/p>\n","protected":false},"excerpt":{"rendered":"<p>Easy za trgovino! Easy lahko uporabljate tudi v trgovinah, kjer so doslej kraljevale klasi\u010dne blagajne! EasyPOS je podalj\u0161ek Easy-ja, ki omogo\u010da delo preko zaslonov, ob\u010dutljivih na dotik. Tako se lahko v trgovini postori slede\u010de: Prodaja preko zajema EAN kod. Prilagojen &hellip;<\/p>\n<p class=\"read-more\"> <a class=\"more-link\" href=\"http:\/\/www.titania.si\/?page_id=15\"> <span class=\"screen-reader-text\">EasyPOS<\/span> Preberi ve\u010d &raquo;<\/a><\/p>\n","protected":false},"author":1,"featured_media":0,"parent":8,"menu_order":1,"comment_status":"closed","ping_status":"closed","template":"","meta":{"footnotes":""},"class_list":["post-15","page","type-page","status-publish","hentry"],"_links":{"self":[{"href":"http:\/\/www.titania.si\/index.php?rest_route=\/wp\/v2\/pages\/15","targetHints":{"allow":["GET"]}}],"collection":[{"href":"http:\/\/www.titania.si\/index.php?rest_route=\/wp\/v2\/pages"}],"about":[{"href":"http:\/\/www.titania.si\/index.php?rest_route=\/wp\/v2\/types\/page"}],"author":[{"embeddable":true,"href":"http:\/\/www.titania.si\/index.php?rest_route=\/wp\/v2\/users\/1"}],"replies":[{"embeddable":true,"href":"http:\/\/www.titania.si\/index.php?rest_route=%2Fwp%2Fv2%2Fcomments&post=15"}],"version-history":[{"count":11,"href":"http:\/\/www.titania.si\/index.php?rest_route=\/wp\/v2\/pages\/15\/revisions"}],"predecessor-version":[{"id":722,"href":"http:\/\/www.titania.si\/index.php?rest_route=\/wp\/v2\/pages\/15\/revisions\/722"}],"up":[{"embeddable":true,"href":"http:\/\/www.titania.si\/index.php?rest_route=\/wp\/v2\/pages\/8"}],"wp:attachment":[{"href":"http:\/\/www.titania.si\/index.php?rest_route=%2Fwp%2Fv2%2Fmedia&parent=15"}],"curies":[{"name":"wp","href":"https:\/\/api.w.org\/{rel}","templated":true}]}}